mmon factor of a and 43.
43
Suppose -4*h + 3*h - 1 = 0. Let b(s) = 1. Let u(t) = -10*t - 3. Let i(x) = 2*b(x) + u(x). Let k be i(h). Calculate the greatest common divisor of k and 36.
9
Suppose 3*l - l = 38. Let v(h) = 35*h + 2. Let j be v(1). Let q = j + -18. Calculate the highest common factor of q and l.
19
Let m(k) = 2*k**3 + 12*k**2 - 69*k + 12. Let j be m(-9). Calculate the highest common factor of 42 and j.
21
Let r be (-172)/(-2*(-1 - -3)). What is the greatest common factor of r and 473?
43
Let u(a) = a**2 + 5*a + 2. Let q be u(-9). Let f = -8 + q. Let t be 14/(-105) - (-2644)/f. What is the highest common divisor of 11 and t?
11
Suppose -5*q - k + 99 = 0, -q + 11*k + 22 = 9*k. Suppose 3*z - 405 = -5*g, -353 = -3*z + g + 70. What is the highest common factor of q and z?
20
Let j = 0 - -6. What is the highest common divisor of j and 102?
6
Let s = 1 - 1. Suppose -4*y = -4*f + y + 10, -3*f + 2*y + 11 = 0. Suppose -m + 5*p - 70 = -2*m, m - f*p - 70 = s. What is the highest common factor of m and 14?
14
Let f(r) = 3*r**2 - r - 1. Let q be f(-1). Let g be (-2)/((-4)/74) - q. Calculate the highest common factor of g and 306.
34
Let p = -125 - -235. Suppose -82 - 94 = -c. Suppose 46*o - 42*o = c. Calculate the greatest common factor of o and p.
22
Suppose -15069 = -63*g - 4107. Calculate the highest common divisor of g and 6.
6
Let h = -389 + 773. Suppose 33 = -3*q + h. Calculate the greatest common divisor of 26 and q.
13
Let m be (-5)/135*-330 + 4/(-18). Calculate the greatest common factor of m and 138.
6
Let f = 12 + -8. Suppose -14 = -t - t - 2*g, 0 = -f*t - g + 28. Let p be 1*(0 + 0 + 7). What is the highest common divisor of p and t?
7
Let z = 126 + -110. Calculate the greatest common divisor of z and 112.
16
Let n be -87 + 117 + (-2)/(-4)*4. What is the greatest common divisor of 864 and n?
32
Suppose 28 = -7*l - 7*l. Let v be l/7 + 382/14. Let q = 26 + -17. Calculate the greatest common divisor of q and v.
9
Suppose 0 = -8*i - 30 + 222. Calculate the greatest common factor of i and 384.
24
Suppose 0*y - 3855 = 5*y. Let i = y + 1178. Let m = 583 - i. Calculate the highest common factor of m and 16.
16
Suppose -55*b + 26695 + 8395 = 0. Calculate the highest common factor of 58 and b.
58
Let i be (-2)/(-10) + (-44)/(-55). Suppose 45 = j + i. Suppose 0 = -h + 10 + j. What is the highest common divisor of h and 6?
6
Suppose 3*h = -2*l + 16, 3*l + 3 = -0. Let f = h + -4. Suppose 2*i + w - 41 = 0, 2*i - 20 = 4*w + 36. Calculate the highest common factor of i and f.
2
Let r = 80 + -74. Let t be ((-2)/r)/(7 - (-148)/(-21)). Let w be 21/1 - 0/1. Calculate the highest common divisor of w and t.
7
Let g = 24 + -14. Suppose -156 = -77*l + 614. What is the greatest common factor of l and g?
10
Suppose -5*f + 4*f = -33. Let s be (-1)/(2*1/(-530)) - 1. Calculate the highest common factor of f and s.
33
Let p(n) = -n**3 - 16*n**2 - 17*n - 2. Let j be p(-15). Let k = j + -22. What is the greatest common divisor of 66 and k?
6
Let m = -204 - -219. Let j = 48 + -13. Suppose 5*v + j = n + 8*v, -v = -n + m. What is the highest common divisor of n and 180?
20
Suppose 2*j + 15 = -3*j. Let v be j/12 - 17/(-4). Let h(g) = 4*g - 23. Let b be h(6). Calculate the highest common factor of b and v.
1
Let n be 22/((-10)/(-4)*24/120). What is the greatest common divisor of 4 and n?
4
Let u(r) = -10*r - 42. Let y be u(-13). Let p = y - 60. Calculate the highest common divisor of 14 and p.
14
Let b(k) = 7*k - 13. Suppose 6*p - 3*p - 90 = 0. Let d = 40 - p. Let x be b(d). What is the highest common factor of 38 and x?
19
Suppose w - 8*w + 112 = 0. Suppose -15*d = -18*d + 12. What is the greatest common factor of w and d?
4
Let q(f) = f**3 + 28*f**2 - f - 9. Let a(z) = -z**3 + 12*z**2 - 28. Let j be a(12). Let d be q(j). What is the highest common factor of 57 and d?
19
Suppose 0 = m + 17 + 16. Let f = m + 131. Calculate the highest common factor of 14 and f.
14
Let z = 51 - 39. Let h be (3 - (-1)/((-4)/z)) + 11. Suppose -5*v - 275 = -10*v. What is the greatest common divisor of v and h?
11
Suppose 3*o = -12*o + 60. What is the highest common divisor of o and 18?
2
Let b be (3*12)/(-29 + 30). Let u(g) = -g**3 - 3*g**2 + 4*g + 4. Let y be u(-4). What is the highest common factor of b and y?
4
Suppose 2*b = -4*n, 5*n = n + 3*b - 10. Let a be 35 - 4*(n - 0). Calculate the greatest common factor of 78 and a.
39
Suppose -21*v + 22*v - 656 = 0. What is the greatest common divisor of 8 and v?
8
Let n(j) = -5*j. Let l be n(-4). Let x be (-20970)/(-105) - (-6)/21. What is the greatest common divisor of l and x?
20
Let g = 5 + -2. Suppose -2*p = 3*n + 12, 3*p - 5*n = 14 + 6. Let w be 4*g - 2 - p. Calculate the greatest common factor of w and 80.
10
Suppose -141 - 131 = -4*y. Suppose -4*t + 3*b + 56 = 0, -4*t = -3*t + 2*b - 25. Calculate the greatest common factor of y and t.
17
Let y = 47 + -47. Suppose -3*g = 3*f - 0*f - 39, -g - 3*f + 13 = y. What is the greatest common factor of 13 and g?
13
Let l = -134 + 176. Suppose 2*t = -5*z - 5 + 35, 30 = 5*z - 2*t. Calculate the highest common factor of z and l.
6
Let g be (-2)/(-15) + 5 + (-462)/90. Suppose g = -5*w - 7*w + 1932. What is the highest common factor of w and 7?
7
Suppose 379*o + 90 = 381*o. Suppose -4*u + 0*n = 5*n - 12, 0 = -5*u - 5*n + 15. Let b be o + 1 + (-3)/u. Calculate the greatest common divisor of 5 and b.
5
Let r = -31 + 20. Let u = r - -46. Calculate the highest common factor of u and 35.
35
Suppose -5*v + 116 = -54. Let o(z) = -104*z - 2. Let q be o(2). Let h = q - -295. What is the greatest common divisor of v and h?
17
Suppose -4*z - 4*a = -784, -3*z + a - 3*a = -590. Suppose -254 = -54*i + 934. Calculate the highest common divisor of z and i.
22
Let s be (-1)/(-3) - (-1975)/15. Calculate the highest common factor of s and 99.
33
Suppose 4*l + 28 = 4*d - 0*d, 3*l = -5*d + 11. Let m(u) = 3*u**3 - 3*u**2 + 4*u + 1. Let y be m(d). What is the greatest common factor of 23 and y?
23
Let h = 9 - 7. Suppose -5*x = -5*l - 345, -h*x - l = -4*x + 135. Calculate the greatest common divisor of 6 and x.
6
Suppose -1482 = -2*j + 4*j. Let c = j + 432. Let w = -101 - c. Calculate the greatest common factor of w and 26.
26
Let s(k) = -2*k**3 + 2*k**2 + 2*k. Let d be s(2). Suppose -9*x - 48 = -13*x. Let j = x - d. What is the highest common factor of 24 and j?
8
Let h be 16 - (-22 + 2)/5. Suppose 2*b = j + 3*j + 18, -h = 5*j. Calculate the highest common factor of 9 and b.
1
Let q(c) = -c**3 + 51*c**2 + 57*c + 124. Let y be q(52). What is the highest common divisor of 16 and y?
16
Let a = 67 - 5. What is the greatest common factor of 31 and a?
31
Let b(q) = 2*q - 9. Let v be b(8). Let n(h) = -h + 23. Let o be n(v). Calculate the greatest common divisor of o and 4.
4
Suppose -2*q - 1471 = -5*i - 5*q, -5*i = 2*q - 1474. Calculate the highest common factor of 37 and i.
37
Let u(j) = 7 - 4*j - 7 + 3*j. Let q be u(-9). Calculate the greatest common divisor of 72 and q.
9
Let s(j) = 2*j**3 + 38*j**2 + 36*j + 9. Let p be s(-18). What is the highest common factor of p and 27?
9
Let r(g) = g**2 - 13*g + 7. Let j(v) = -v. Let k(q) = 6*j(q) - r(q). Let b be k(6). Let l be 3 + b + 14 - 0. Calculate the highest common factor of 40 and l.
8
Let m(g) = 24*g. Let a be m(3). Let z(t) = -7*t + 6. Let r be z(-6). Calculate the greatest common factor of r and a.
24
Let v = 11113 - 11091. Let s = -11 + 33. Calculate the greatest common divisor of v and s.
22
Let o(w) = -72*w + 448. Let k be o(6). Calculate the greatest common factor of 6 and k.
2
Let d(m) = -4*m - 26. Let j be d(-8). Let x = -57 - -87. What is the highest common divisor of x and j?
6
Let u(x) = 5*x**2 + 2*x - 2. Let r be u(5). Calculate the greatest common divisor of 57 and r.
19
Let g be (3 - (-12)/(-4)) + 3. Suppose -3*k - k + 32 = 2*d, 5*k = g*d + 7. What is the greatest common divisor of 42 and d?
6
Let x(m) = 89*m**3 + 2*m**2 - 2*m + 1. Let b be x(1). Let k be (b/(-24))/(3/(-24)). What is the greatest common factor of 10 and k?
10
Let c = 600 + -548. Calculate the greatest common factor of 39 and c.
13
Let g(q) = 4*q**2 + 209*q + 61. Let w be g(-52). Calculate the greatest common factor of 657 and w.
9
Let i be (-2)/(-2 - 0) + -4. Let q be i/((-12)/(-280))*-1. What is 